{"id":15,"date":"2026-02-23T20:23:06","date_gmt":"2026-02-23T20:23:06","guid":{"rendered":"https:\/\/agramont.hr\/index.php\/gallery\/"},"modified":"2026-03-05T16:31:26","modified_gmt":"2026-03-05T16:31:26","slug":"gallery","status":"publish","type":"page","link":"https:\/\/agramont.hr\/index.php\/gallery\/","title":{"rendered":"Galerija"},"content":{"rendered":"\t\t<div data-elementor-type=\"wp-page\" data-elementor-id=\"15\" class=\"elementor elementor-15\">\n\t\t\t\t<div class=\"elementor-element elementor-element-2dfa645a e-flex e-con-boxed e-con e-parent\" data-id=\"2dfa645a\" data-element_type=\"container\" data-e-type=\"container\">\n\t\t\t\t\t<div class=\"e-con-inner\">\n\t\t\t\t<div class=\"elementor-element elementor-element-403f272e elementor-widget elementor-widget-heading\" data-id=\"403f272e\" data-element_type=\"widget\" data-e-type=\"widget\" data-widget_type=\"heading.default\">\n\t\t\t\t\t<h1 class=\"elementor-heading-title elementor-size-default\">Galerija projekata<\/h1>\t\t\t\t<\/div>\n\t\t\t\t<div class=\"elementor-element elementor-element-22bf8dba elementor-widget-divider--view-line elementor-widget elementor-widget-divider\" data-id=\"22bf8dba\" data-element_type=\"widget\" data-e-type=\"widget\" data-widget_type=\"divider.default\">\n\t\t\t\t\t\t\t<div class=\"elementor-divider\">\n\t\t\t<span class=\"elementor-divider-separator\">\n\t\t\t\t\t\t<\/span>\n\t\t<\/div>\n\t\t\t\t\t\t<\/div>\n\t\t\t\t<div class=\"elementor-element elementor-element-21fb1ea8 elementor-widget__width-initial elementor-widget-tablet__width-initial elementor-widget elementor-widget-heading\" data-id=\"21fb1ea8\" data-element_type=\"widget\" data-e-type=\"widget\" data-widget_type=\"heading.default\">\n\t\t\t\t\t<h5 class=\"elementor-heading-title elementor-size-default\">Prona\u0111ite inspiraciju u na\u0161im zavr\u0161enim projektima renovacije!<\/h5>\t\t\t\t<\/div>\n\t\t\t\t\t<\/div>\n\t\t\t\t<\/div>\n\t\t<div class=\"elementor-element elementor-element-6c78c143 e-con-full e-flex e-con e-parent\" data-id=\"6c78c143\" data-element_type=\"container\" data-e-type=\"container\">\n\t\t\t\t<div class=\"elementor-element elementor-element-14d4fc42 gallery-spacing-custom elementor-widget elementor-widget-image-gallery\" data-id=\"14d4fc42\" data-element_type=\"widget\" data-e-type=\"widget\" data-widget_type=\"image-gallery.default\">\n\t\t\t\t\t\t\t<div class=\"elementor-image-gallery\">\n\t\t\t<div id='gallery-1' class='gallery galleryid-15 gallery-columns-2 gallery-size-full'><figure class='gallery-item'>\n\t\t\t<div class='gallery-icon portrait'>\n\t\t\t\t<a data-elementor-open-lightbox=\"yes\" data-elementor-lightbox-slideshow=\"14d4fc42\" data-elementor-lightbox-title=\"3\" data-e-action-hash=\"#elementor-action%3Aaction%3Dlightbox%26settings%3DeyJpZCI6MTc2LCJ1cmwiOiJodHRwczpcL1wvYWdyYW1vbnQuaHJcL3dwLWNvbnRlbnRcL3VwbG9hZHNcLzIwMjZcLzAyXC8zLTIuanBnIiwic2xpZGVzaG93IjoiMTRkNGZjNDIifQ%3D%3D\" href='https:\/\/agramont.hr\/wp-content\/uploads\/2026\/02\/3-2.jpg'><img fetchpriority=\"high\" decoding=\"async\" width=\"1080\" height=\"1350\" src=\"https:\/\/agramont.hr\/wp-content\/uploads\/2026\/02\/3-2.jpg\" class=\"attachment-full size-full\" alt=\"\" srcset=\"https:\/\/agramont.hr\/wp-content\/uploads\/2026\/02\/3-2.jpg 1080w, https:\/\/agramont.hr\/wp-content\/uploads\/2026\/02\/3-2-240x300.jpg 240w, https:\/\/agramont.hr\/wp-content\/uploads\/2026\/02\/3-2-819x1024.jpg 819w, https:\/\/agramont.hr\/wp-content\/uploads\/2026\/02\/3-2-768x960.jpg 768w\" sizes=\"(max-width: 1080px) 100vw, 1080px\" \/><\/a>\n\t\t\t<\/div><\/figure><figure class='gallery-item'>\n\t\t\t<div class='gallery-icon portrait'>\n\t\t\t\t<a data-elementor-open-lightbox=\"yes\" data-elementor-lightbox-slideshow=\"14d4fc42\" data-elementor-lightbox-title=\"Slika 3\" data-e-action-hash=\"#elementor-action%3Aaction%3Dlightbox%26settings%3DeyJpZCI6ODQsInVybCI6Imh0dHBzOlwvXC9hZ3JhbW9udC5oclwvd3AtY29udGVudFwvdXBsb2Fkc1wvMjAyNlwvMDJcLzQuanBnIiwic2xpZGVzaG93IjoiMTRkNGZjNDIifQ%3D%3D\" href='https:\/\/agramont.hr\/wp-content\/uploads\/2026\/02\/4.jpg'><img decoding=\"async\" width=\"1080\" height=\"1350\" src=\"https:\/\/agramont.hr\/wp-content\/uploads\/2026\/02\/4.jpg\" class=\"attachment-full size-full\" alt=\"Slika 3\" srcset=\"https:\/\/agramont.hr\/wp-content\/uploads\/2026\/02\/4.jpg 1080w, https:\/\/agramont.hr\/wp-content\/uploads\/2026\/02\/4-240x300.jpg 240w, https:\/\/agramont.hr\/wp-content\/uploads\/2026\/02\/4-819x1024.jpg 819w, https:\/\/agramont.hr\/wp-content\/uploads\/2026\/02\/4-768x960.jpg 768w\" sizes=\"(max-width: 1080px) 100vw, 1080px\" \/><\/a>\n\t\t\t<\/div><\/figure><figure class='gallery-item'>\n\t\t\t<div class='gallery-icon portrait'>\n\t\t\t\t<a data-elementor-open-lightbox=\"yes\" data-elementor-lightbox-slideshow=\"14d4fc42\" data-elementor-lightbox-title=\"1\" data-e-action-hash=\"#elementor-action%3Aaction%3Dlightbox%26settings%3DeyJpZCI6MTc0LCJ1cmwiOiJodHRwczpcL1wvYWdyYW1vbnQuaHJcL3dwLWNvbnRlbnRcL3VwbG9hZHNcLzIwMjZcLzAyXC8xLTIuanBnIiwic2xpZGVzaG93IjoiMTRkNGZjNDIifQ%3D%3D\" href='https:\/\/agramont.hr\/wp-content\/uploads\/2026\/02\/1-2.jpg'><img decoding=\"async\" width=\"1080\" height=\"1350\" src=\"https:\/\/agramont.hr\/wp-content\/uploads\/2026\/02\/1-2.jpg\" class=\"attachment-full size-full\" alt=\"\" srcset=\"https:\/\/agramont.hr\/wp-content\/uploads\/2026\/02\/1-2.jpg 1080w, https:\/\/agramont.hr\/wp-content\/uploads\/2026\/02\/1-2-240x300.jpg 240w, https:\/\/agramont.hr\/wp-content\/uploads\/2026\/02\/1-2-819x1024.jpg 819w, https:\/\/agramont.hr\/wp-content\/uploads\/2026\/02\/1-2-768x960.jpg 768w\" sizes=\"(max-width: 1080px) 100vw, 1080px\" \/><\/a>\n\t\t\t<\/div><\/figure><figure class='gallery-item'>\n\t\t\t<div class='gallery-icon portrait'>\n\t\t\t\t<a data-elementor-open-lightbox=\"yes\" data-elementor-lightbox-slideshow=\"14d4fc42\" data-elementor-lightbox-title=\"2\" data-e-action-hash=\"#elementor-action%3Aaction%3Dlightbox%26settings%3DeyJpZCI6OTAsInVybCI6Imh0dHBzOlwvXC9hZ3JhbW9udC5oclwvd3AtY29udGVudFwvdXBsb2Fkc1wvMjAyNlwvMDJcLzItMS5qcGciLCJzbGlkZXNob3ciOiIxNGQ0ZmM0MiJ9\" href='https:\/\/agramont.hr\/wp-content\/uploads\/2026\/02\/2-1.jpg'><img loading=\"lazy\" decoding=\"async\" width=\"1080\" height=\"1350\" src=\"https:\/\/agramont.hr\/wp-content\/uploads\/2026\/02\/2-1.jpg\" class=\"attachment-full size-full\" alt=\"\" srcset=\"https:\/\/agramont.hr\/wp-content\/uploads\/2026\/02\/2-1.jpg 1080w, https:\/\/agramont.hr\/wp-content\/uploads\/2026\/02\/2-1-240x300.jpg 240w, https:\/\/agramont.hr\/wp-content\/uploads\/2026\/02\/2-1-819x1024.jpg 819w, https:\/\/agramont.hr\/wp-content\/uploads\/2026\/02\/2-1-768x960.jpg 768w\" sizes=\"(max-width: 1080px) 100vw, 1080px\" \/><\/a>\n\t\t\t<\/div><\/figure><figure class='gallery-item'>\n\t\t\t<div class='gallery-icon portrait'>\n\t\t\t\t<a data-elementor-open-lightbox=\"yes\" data-elementor-lightbox-slideshow=\"14d4fc42\" data-elementor-lightbox-title=\"Slika 2\" data-e-action-hash=\"#elementor-action%3Aaction%3Dlightbox%26settings%3DeyJpZCI6ODIsInVybCI6Imh0dHBzOlwvXC9hZ3JhbW9udC5oclwvd3AtY29udGVudFwvdXBsb2Fkc1wvMjAyNlwvMDJcLzIuanBnIiwic2xpZGVzaG93IjoiMTRkNGZjNDIifQ%3D%3D\" href='https:\/\/agramont.hr\/wp-content\/uploads\/2026\/02\/2.jpg'><img loading=\"lazy\" decoding=\"async\" width=\"1080\" height=\"1350\" src=\"https:\/\/agramont.hr\/wp-content\/uploads\/2026\/02\/2.jpg\" class=\"attachment-full size-full\" alt=\"Slika 2\" srcset=\"https:\/\/agramont.hr\/wp-content\/uploads\/2026\/02\/2.jpg 1080w, https:\/\/agramont.hr\/wp-content\/uploads\/2026\/02\/2-240x300.jpg 240w, https:\/\/agramont.hr\/wp-content\/uploads\/2026\/02\/2-819x1024.jpg 819w, https:\/\/agramont.hr\/wp-content\/uploads\/2026\/02\/2-768x960.jpg 768w\" sizes=\"(max-width: 1080px) 100vw, 1080px\" \/><\/a>\n\t\t\t<\/div><\/figure><figure class='gallery-item'>\n\t\t\t<div class='gallery-icon portrait'>\n\t\t\t\t<a data-elementor-open-lightbox=\"yes\" data-elementor-lightbox-slideshow=\"14d4fc42\" data-elementor-lightbox-title=\"4\" data-e-action-hash=\"#elementor-action%3Aaction%3Dlightbox%26settings%3DeyJpZCI6OTIsInVybCI6Imh0dHBzOlwvXC9hZ3JhbW9udC5oclwvd3AtY29udGVudFwvdXBsb2Fkc1wvMjAyNlwvMDJcLzQtMS5qcGciLCJzbGlkZXNob3ciOiIxNGQ0ZmM0MiJ9\" href='https:\/\/agramont.hr\/wp-content\/uploads\/2026\/02\/4-1.jpg'><img loading=\"lazy\" decoding=\"async\" width=\"1080\" height=\"1350\" src=\"https:\/\/agramont.hr\/wp-content\/uploads\/2026\/02\/4-1.jpg\" class=\"attachment-full size-full\" alt=\"\" srcset=\"https:\/\/agramont.hr\/wp-content\/uploads\/2026\/02\/4-1.jpg 1080w, https:\/\/agramont.hr\/wp-content\/uploads\/2026\/02\/4-1-240x300.jpg 240w, https:\/\/agramont.hr\/wp-content\/uploads\/2026\/02\/4-1-819x1024.jpg 819w, https:\/\/agramont.hr\/wp-content\/uploads\/2026\/02\/4-1-768x960.jpg 768w\" sizes=\"(max-width: 1080px) 100vw, 1080px\" \/><\/a>\n\t\t\t<\/div><\/figure><figure class='gallery-item'>\n\t\t\t<div class='gallery-icon portrait'>\n\t\t\t\t<a data-elementor-open-lightbox=\"yes\" data-elementor-lightbox-slideshow=\"14d4fc42\" data-elementor-lightbox-title=\"1\" data-e-action-hash=\"#elementor-action%3Aaction%3Dlightbox%26settings%3DeyJpZCI6ODEsInVybCI6Imh0dHBzOlwvXC9hZ3JhbW9udC5oclwvd3AtY29udGVudFwvdXBsb2Fkc1wvMjAyNlwvMDJcLzEuanBnIiwic2xpZGVzaG93IjoiMTRkNGZjNDIifQ%3D%3D\" href='https:\/\/agramont.hr\/wp-content\/uploads\/2026\/02\/1.jpg'><img loading=\"lazy\" decoding=\"async\" width=\"1080\" height=\"1350\" src=\"https:\/\/agramont.hr\/wp-content\/uploads\/2026\/02\/1.jpg\" class=\"attachment-full size-full\" alt=\"\" srcset=\"https:\/\/agramont.hr\/wp-content\/uploads\/2026\/02\/1.jpg 1080w, https:\/\/agramont.hr\/wp-content\/uploads\/2026\/02\/1-240x300.jpg 240w, https:\/\/agramont.hr\/wp-content\/uploads\/2026\/02\/1-819x1024.jpg 819w, https:\/\/agramont.hr\/wp-content\/uploads\/2026\/02\/1-768x960.jpg 768w\" sizes=\"(max-width: 1080px) 100vw, 1080px\" \/><\/a>\n\t\t\t<\/div><\/figure><figure class='gallery-item'>\n\t\t\t<div class='gallery-icon portrait'>\n\t\t\t\t<a data-elementor-open-lightbox=\"yes\" data-elementor-lightbox-slideshow=\"14d4fc42\" data-elementor-lightbox-title=\"2\" data-e-action-hash=\"#elementor-action%3Aaction%3Dlightbox%26settings%3DeyJpZCI6MTc1LCJ1cmwiOiJodHRwczpcL1wvYWdyYW1vbnQuaHJcL3dwLWNvbnRlbnRcL3VwbG9hZHNcLzIwMjZcLzAyXC8yLTIuanBnIiwic2xpZGVzaG93IjoiMTRkNGZjNDIifQ%3D%3D\" href='https:\/\/agramont.hr\/wp-content\/uploads\/2026\/02\/2-2.jpg'><img loading=\"lazy\" decoding=\"async\" width=\"1080\" height=\"1350\" src=\"https:\/\/agramont.hr\/wp-content\/uploads\/2026\/02\/2-2.jpg\" class=\"attachment-full size-full\" alt=\"\" srcset=\"https:\/\/agramont.hr\/wp-content\/uploads\/2026\/02\/2-2.jpg 1080w, https:\/\/agramont.hr\/wp-content\/uploads\/2026\/02\/2-2-240x300.jpg 240w, https:\/\/agramont.hr\/wp-content\/uploads\/2026\/02\/2-2-819x1024.jpg 819w, https:\/\/agramont.hr\/wp-content\/uploads\/2026\/02\/2-2-768x960.jpg 768w\" sizes=\"(max-width: 1080px) 100vw, 1080px\" \/><\/a>\n\t\t\t<\/div><\/figure>\n\t\t<\/div>\n\t\t<\/div>\n\t\t\t\t\t\t<\/div>\n\t\t\t\t<\/div>\n\t\t<div class=\"elementor-element elementor-element-440f12e7 e-flex e-con-boxed e-con e-parent\" data-id=\"440f12e7\" data-element_type=\"container\" data-e-type=\"container\">\n\t\t\t\t\t<div class=\"e-con-inner\">\n\t\t\t\t<div class=\"elementor-element elementor-element-567dc6ac elementor-widget elementor-widget-heading\" data-id=\"567dc6ac\" data-element_type=\"widget\" data-e-type=\"widget\" data-widget_type=\"heading.default\">\n\t\t\t\t\t<h2 class=\"elementor-heading-title elementor-size-default\">Javite nam se sa va\u0161im idejama!<\/h2>\t\t\t\t<\/div>\n\t\t\t\t<div class=\"elementor-element elementor-element-165e5b90 elementor-widget__width-initial elementor-widget elementor-widget-text-editor\" data-id=\"165e5b90\" data-element_type=\"widget\" data-e-type=\"widget\" data-widget_type=\"text-editor.default\">\n\t\t\t\t\t\t\t\t\t<p>\u0160aljemo informativnu ponudu ili dolazimo na izvid u roku 48h.<\/p>\t\t\t\t\t\t\t\t<\/div>\n\t\t\t\t<div class=\"elementor-element elementor-element-55e23e7e elementor-align-center elementor-invisible elementor-widget elementor-widget-button\" data-id=\"55e23e7e\" data-element_type=\"widget\" data-e-type=\"widget\" data-settings=\"{&quot;_animation&quot;:&quot;fadeInDown&quot;}\" data-widget_type=\"button.default\">\n\t\t\t\t\t\t\t\t\t\t<a class=\"elementor-button elementor-button-link elementor-size-sm\" href=\"https:\/\/agramont.hr\/index.php\/contact-us\/\">\n\t\t\t\t\t\t<span class=\"elementor-button-content-wrapper\">\n\t\t\t\t\t\t\t\t\t<span class=\"elementor-button-text\">Zatrazite ponudu<\/span>\n\t\t\t\t\t<\/span>\n\t\t\t\t\t<\/a>\n\t\t\t\t\t\t\t\t<\/div>\n\t\t\t\t\t<\/div>\n\t\t\t\t<\/div>\n\t\t\t\t<\/div>\n\t\t","protected":false},"excerpt":{"rendered":"<p>Galerija projekata Prona\u0111ite inspiraciju u na\u0161im zavr\u0161enim projektima renovacije! Javite nam se sa va\u0161im idejama! \u0160aljemo informativnu ponudu ili dolazimo na izvid u roku 48h. Zatrazite ponudu<\/p>\n","protected":false},"author":1,"featured_media":26,"parent":0,"menu_order":0,"comment_status":"closed","ping_status":"closed","template":"elementor_header_footer","meta":{"footnotes":""},"class_list":["post-15","page","type-page","status-publish","has-post-thumbnail","hentry"],"yoast_head":"<!-- This site is optimized with the Yoast SEO plugin v27.3 - https:\/\/yoast.com\/product\/yoast-seo-wordpress\/ -->\n<title>Galerija - Agramont.hr<\/title>\n<meta name=\"robots\" content=\"index, follow, max-snippet:-1, max-image-preview:large, max-video-preview:-1\" \/>\n<link rel=\"canonical\" href=\"https:\/\/agramont.hr\/index.php\/gallery\/\" \/>\n<meta property=\"og:locale\" content=\"hr_HR\" \/>\n<meta property=\"og:type\" content=\"article\" \/>\n<meta property=\"og:title\" content=\"Galerija - Agramont.hr\" \/>\n<meta property=\"og:description\" content=\"Galerija projekata Prona\u0111ite inspiraciju u na\u0161im zavr\u0161enim projektima renovacije! Javite nam se sa va\u0161im idejama! \u0160aljemo informativnu ponudu ili dolazimo na izvid u roku 48h. Zatrazite ponudu\" \/>\n<meta property=\"og:url\" content=\"https:\/\/agramont.hr\/index.php\/gallery\/\" \/>\n<meta property=\"og:site_name\" content=\"Agramont.hr\" \/>\n<meta property=\"article:modified_time\" content=\"2026-03-05T16:31:26+00:00\" \/>\n<meta property=\"og:image\" content=\"https:\/\/agramont.hr\/wp-content\/uploads\/2026\/02\/Gallery-400_380.jpg\" \/>\n\t<meta property=\"og:image:width\" content=\"400\" \/>\n\t<meta property=\"og:image:height\" content=\"380\" \/>\n\t<meta property=\"og:image:type\" content=\"image\/jpeg\" \/>\n<meta name=\"twitter:card\" content=\"summary_large_image\" \/>\n<meta name=\"twitter:label1\" content=\"Procijenjeno vrijeme \u010ditanja\" \/>\n\t<meta name=\"twitter:data1\" content=\"2 minute\" \/>\n<script type=\"application\/ld+json\" class=\"yoast-schema-graph\">{\"@context\":\"https:\\\/\\\/schema.org\",\"@graph\":[{\"@type\":\"WebPage\",\"@id\":\"https:\\\/\\\/agramont.hr\\\/index.php\\\/gallery\\\/\",\"url\":\"https:\\\/\\\/agramont.hr\\\/index.php\\\/gallery\\\/\",\"name\":\"Galerija - Agramont.hr\",\"isPartOf\":{\"@id\":\"https:\\\/\\\/agramont.hr\\\/#website\"},\"primaryImageOfPage\":{\"@id\":\"https:\\\/\\\/agramont.hr\\\/index.php\\\/gallery\\\/#primaryimage\"},\"image\":{\"@id\":\"https:\\\/\\\/agramont.hr\\\/index.php\\\/gallery\\\/#primaryimage\"},\"thumbnailUrl\":\"https:\\\/\\\/agramont.hr\\\/wp-content\\\/uploads\\\/2026\\\/02\\\/Gallery-400_380.jpg\",\"datePublished\":\"2026-02-23T20:23:06+00:00\",\"dateModified\":\"2026-03-05T16:31:26+00:00\",\"breadcrumb\":{\"@id\":\"https:\\\/\\\/agramont.hr\\\/index.php\\\/gallery\\\/#breadcrumb\"},\"inLanguage\":\"hr\",\"potentialAction\":[{\"@type\":\"ReadAction\",\"target\":[\"https:\\\/\\\/agramont.hr\\\/index.php\\\/gallery\\\/\"]}]},{\"@type\":\"ImageObject\",\"inLanguage\":\"hr\",\"@id\":\"https:\\\/\\\/agramont.hr\\\/index.php\\\/gallery\\\/#primaryimage\",\"url\":\"https:\\\/\\\/agramont.hr\\\/wp-content\\\/uploads\\\/2026\\\/02\\\/Gallery-400_380.jpg\",\"contentUrl\":\"https:\\\/\\\/agramont.hr\\\/wp-content\\\/uploads\\\/2026\\\/02\\\/Gallery-400_380.jpg\",\"width\":400,\"height\":380},{\"@type\":\"BreadcrumbList\",\"@id\":\"https:\\\/\\\/agramont.hr\\\/index.php\\\/gallery\\\/#breadcrumb\",\"itemListElement\":[{\"@type\":\"ListItem\",\"position\":1,\"name\":\"Po\u010detna stranica\",\"item\":\"https:\\\/\\\/agramont.hr\\\/\"},{\"@type\":\"ListItem\",\"position\":2,\"name\":\"Galerija\"}]},{\"@type\":\"WebSite\",\"@id\":\"https:\\\/\\\/agramont.hr\\\/#website\",\"url\":\"https:\\\/\\\/agramont.hr\\\/\",\"name\":\"Agramont.hr\",\"description\":\"\",\"publisher\":{\"@id\":\"https:\\\/\\\/agramont.hr\\\/#organization\"},\"potentialAction\":[{\"@type\":\"SearchAction\",\"target\":{\"@type\":\"EntryPoint\",\"urlTemplate\":\"https:\\\/\\\/agramont.hr\\\/?s={search_term_string}\"},\"query-input\":{\"@type\":\"PropertyValueSpecification\",\"valueRequired\":true,\"valueName\":\"search_term_string\"}}],\"inLanguage\":\"hr\"},{\"@type\":\"Organization\",\"@id\":\"https:\\\/\\\/agramont.hr\\\/#organization\",\"name\":\"Agramont.hr\",\"url\":\"https:\\\/\\\/agramont.hr\\\/\",\"logo\":{\"@type\":\"ImageObject\",\"inLanguage\":\"hr\",\"@id\":\"https:\\\/\\\/agramont.hr\\\/#\\\/schema\\\/logo\\\/image\\\/\",\"url\":\"https:\\\/\\\/agramont.hr\\\/wp-content\\\/uploads\\\/2026\\\/02\\\/cropped-cropped-123-456-7890-1.jpg\",\"contentUrl\":\"https:\\\/\\\/agramont.hr\\\/wp-content\\\/uploads\\\/2026\\\/02\\\/cropped-cropped-123-456-7890-1.jpg\",\"width\":512,\"height\":177,\"caption\":\"Agramont.hr\"},\"image\":{\"@id\":\"https:\\\/\\\/agramont.hr\\\/#\\\/schema\\\/logo\\\/image\\\/\"}}]}<\/script>\n<!-- \/ Yoast SEO plugin. -->","yoast_head_json":{"title":"Galerija - Agramont.hr","robots":{"index":"index","follow":"follow","max-snippet":"max-snippet:-1","max-image-preview":"max-image-preview:large","max-video-preview":"max-video-preview:-1"},"canonical":"https:\/\/agramont.hr\/index.php\/gallery\/","og_locale":"hr_HR","og_type":"article","og_title":"Galerija - Agramont.hr","og_description":"Galerija projekata Prona\u0111ite inspiraciju u na\u0161im zavr\u0161enim projektima renovacije! Javite nam se sa va\u0161im idejama! \u0160aljemo informativnu ponudu ili dolazimo na izvid u roku 48h. Zatrazite ponudu","og_url":"https:\/\/agramont.hr\/index.php\/gallery\/","og_site_name":"Agramont.hr","article_modified_time":"2026-03-05T16:31:26+00:00","og_image":[{"width":400,"height":380,"url":"https:\/\/agramont.hr\/wp-content\/uploads\/2026\/02\/Gallery-400_380.jpg","type":"image\/jpeg"}],"twitter_card":"summary_large_image","twitter_misc":{"Procijenjeno vrijeme \u010ditanja":"2 minute"},"schema":{"@context":"https:\/\/schema.org","@graph":[{"@type":"WebPage","@id":"https:\/\/agramont.hr\/index.php\/gallery\/","url":"https:\/\/agramont.hr\/index.php\/gallery\/","name":"Galerija - Agramont.hr","isPartOf":{"@id":"https:\/\/agramont.hr\/#website"},"primaryImageOfPage":{"@id":"https:\/\/agramont.hr\/index.php\/gallery\/#primaryimage"},"image":{"@id":"https:\/\/agramont.hr\/index.php\/gallery\/#primaryimage"},"thumbnailUrl":"https:\/\/agramont.hr\/wp-content\/uploads\/2026\/02\/Gallery-400_380.jpg","datePublished":"2026-02-23T20:23:06+00:00","dateModified":"2026-03-05T16:31:26+00:00","breadcrumb":{"@id":"https:\/\/agramont.hr\/index.php\/gallery\/#breadcrumb"},"inLanguage":"hr","potentialAction":[{"@type":"ReadAction","target":["https:\/\/agramont.hr\/index.php\/gallery\/"]}]},{"@type":"ImageObject","inLanguage":"hr","@id":"https:\/\/agramont.hr\/index.php\/gallery\/#primaryimage","url":"https:\/\/agramont.hr\/wp-content\/uploads\/2026\/02\/Gallery-400_380.jpg","contentUrl":"https:\/\/agramont.hr\/wp-content\/uploads\/2026\/02\/Gallery-400_380.jpg","width":400,"height":380},{"@type":"BreadcrumbList","@id":"https:\/\/agramont.hr\/index.php\/gallery\/#breadcrumb","itemListElement":[{"@type":"ListItem","position":1,"name":"Po\u010detna stranica","item":"https:\/\/agramont.hr\/"},{"@type":"ListItem","position":2,"name":"Galerija"}]},{"@type":"WebSite","@id":"https:\/\/agramont.hr\/#website","url":"https:\/\/agramont.hr\/","name":"Agramont.hr","description":"","publisher":{"@id":"https:\/\/agramont.hr\/#organization"},"potentialAction":[{"@type":"SearchAction","target":{"@type":"EntryPoint","urlTemplate":"https:\/\/agramont.hr\/?s={search_term_string}"},"query-input":{"@type":"PropertyValueSpecification","valueRequired":true,"valueName":"search_term_string"}}],"inLanguage":"hr"},{"@type":"Organization","@id":"https:\/\/agramont.hr\/#organization","name":"Agramont.hr","url":"https:\/\/agramont.hr\/","logo":{"@type":"ImageObject","inLanguage":"hr","@id":"https:\/\/agramont.hr\/#\/schema\/logo\/image\/","url":"https:\/\/agramont.hr\/wp-content\/uploads\/2026\/02\/cropped-cropped-123-456-7890-1.jpg","contentUrl":"https:\/\/agramont.hr\/wp-content\/uploads\/2026\/02\/cropped-cropped-123-456-7890-1.jpg","width":512,"height":177,"caption":"Agramont.hr"},"image":{"@id":"https:\/\/agramont.hr\/#\/schema\/logo\/image\/"}}]}},"_links":{"self":[{"href":"https:\/\/agramont.hr\/index.php\/wp-json\/wp\/v2\/pages\/15","targetHints":{"allow":["GET"]}}],"collection":[{"href":"https:\/\/agramont.hr\/index.php\/wp-json\/wp\/v2\/pages"}],"about":[{"href":"https:\/\/agramont.hr\/index.php\/wp-json\/wp\/v2\/types\/page"}],"author":[{"embeddable":true,"href":"https:\/\/agramont.hr\/index.php\/wp-json\/wp\/v2\/users\/1"}],"replies":[{"embeddable":true,"href":"https:\/\/agramont.hr\/index.php\/wp-json\/wp\/v2\/comments?post=15"}],"version-history":[{"count":20,"href":"https:\/\/agramont.hr\/index.php\/wp-json\/wp\/v2\/pages\/15\/revisions"}],"predecessor-version":[{"id":379,"href":"https:\/\/agramont.hr\/index.php\/wp-json\/wp\/v2\/pages\/15\/revisions\/379"}],"wp:featuredmedia":[{"embeddable":true,"href":"https:\/\/agramont.hr\/index.php\/wp-json\/wp\/v2\/media\/26"}],"wp:attachment":[{"href":"https:\/\/agramont.hr\/index.php\/wp-json\/wp\/v2\/media?parent=15"}],"curies":[{"name":"wp","href":"https:\/\/api.w.org\/{rel}","templated":true}]}}